{"id":20,"date":"2009-08-14T23:03:04","date_gmt":"2009-08-15T04:03:04","guid":{"rendered":"http:\/\/www.basquade.com\/wpin\/?page_id=20"},"modified":"2025-04-27T19:06:08","modified_gmt":"2025-04-27T22:36:08","slug":"como-actua","status":"publish","type":"page","link":"https:\/\/www.basquade.com\/wpin\/como-actua\/","title":{"rendered":"Como act\u00faa Basq\u00fcad\u00e9\u00ae"},"content":{"rendered":"<p><strong>Mecanismos de Acci\u00f3n y Evidencia Cient\u00edfica<\/strong><\/p>\n<hr \/>\n<h2>Mecanismos Principales de Acci\u00f3n<\/h2>\n<table>\n<thead>\n<tr>\n<th>Mecanismo de Acci\u00f3n<\/th>\n<th>Descripci\u00f3n<\/th>\n<\/tr>\n<\/thead>\n<tbody>\n<tr>\n<td>Inhibici\u00f3n del crecimiento celular tumoral<\/td>\n<td>Limita la proliferaci\u00f3n de c\u00e9lulas malignas.<\/td>\n<\/tr>\n<tr>\n<td>Inducci\u00f3n de apoptosis<\/td>\n<td>Promueve la muerte celular programada en c\u00e9lulas tumorales, favoreciendo su eliminaci\u00f3n.<\/td>\n<\/tr>\n<tr>\n<td>Inmunomodulaci\u00f3n<\/td>\n<td>Refuerza la respuesta inmunitaria del organismo frente al desarrollo tumoral.<\/td>\n<\/tr>\n<\/tbody>\n<\/table>\n<hr \/>\n<h2>Evidencias Cient\u00edficas de los Componentes<\/h2>\n<table>\n<thead>\n<tr>\n<th>\u00c1rea de Estudio<\/th>\n<th>Resultados Clave<\/th>\n<th>Fuente<\/th>\n<\/tr>\n<\/thead>\n<tbody>\n<tr>\n<td>Interacci\u00f3n con el ADN<\/td>\n<td>Inducci\u00f3n de prooxidaci\u00f3n del ADN en c\u00e9lulas tumorales.<\/td>\n<td>Arizona, M. et al., 1985; Jorbis, B. et al., 1988; Mangelli, E. et al., 1996<\/td>\n<\/tr>\n<tr>\n<td>Actividad antiulcerosa<\/td>\n<td>Reducci\u00f3n de da\u00f1o gastrointestinal en modelos de \u00falcera inducida por indometacina, mediante menor movilizaci\u00f3n de calcio intracelular.<\/td>\n<td>Gamberini y Lapa, 1992<\/td>\n<\/tr>\n<tr>\n<td>Actividad hepatoprotectora<\/td>\n<td>Incremento de entre 25 % y 100 % en la sobrevida de ratas intoxicadas con faloidina (20 mg\/kg).<\/td>\n<td>Datos experimentales internos<\/td>\n<\/tr>\n<tr>\n<td>Actividad antitumoral espec\u00edfica<\/td>\n<td>La hispidulina, flavonoide presente en Basq\u00fcad\u00e9\u00ae, fue el compuesto m\u00e1s activo contra tumores inducidos en roedores.<\/td>\n<td>Soickee, H. y Leng-Peschlow, E., 1987<\/td>\n<\/tr>\n<\/tbody>\n<\/table>\n<hr \/>\n<h2>Resultados de Ensayos Espec\u00edficos con Basq\u00fcad\u00e9\u00ae<\/h2>\n<table>\n<thead>\n<tr>\n<th>Evaluaci\u00f3n<\/th>\n<th>Resultado<\/th>\n<\/tr>\n<\/thead>\n<tbody>\n<tr>\n<td>Ensayos <em>in vitro<\/em> de cin\u00e9tica celular<\/td>\n<td>Inhibici\u00f3n significativa del crecimiento de c\u00e9lulas tumorales.<\/td>\n<\/tr>\n<tr>\n<td>Observaciones microsc\u00f3picas<\/td>\n<td>Evidencias de procesos de apoptosis inducidos por la formulaci\u00f3n.<\/td>\n<\/tr>\n<\/tbody>\n<\/table>\n<hr \/>\n<h1>Beneficios Adicionales de Basq\u00fcad\u00e9\u00ae<\/h1>\n<table>\n<thead>\n<tr>\n<th>Beneficio<\/th>\n<th>Descripci\u00f3n<\/th>\n<\/tr>\n<\/thead>\n<tbody>\n<tr>\n<td>Mejora de la calidad de vida<\/td>\n<td>Aumento del apetito, reducci\u00f3n del dolor, mejora del estado general.<\/td>\n<\/tr>\n<tr>\n<td>Compatibilidad con tratamientos convencionales<\/td>\n<td>No interfiere con quimioterapia o radioterapia; ayuda a disminuir sus efectos adversos.<\/td>\n<\/tr>\n<tr>\n<td>Seguridad y tolerancia<\/td>\n<td>Sin efectos secundarios relevantes ni toxicidad significativa.<\/td>\n<\/tr>\n<\/tbody>\n<\/table>\n<hr \/>\n<p><strong>Notas:<\/strong><\/p>\n<ul>\n<li>Basq\u00fcad\u00e9\u00ae se elabora bajo estrictas normas de calidad y Buenas Pr\u00e1cticas de Manufactura (GMP).<\/li>\n<li>La formulaci\u00f3n es el resultado de m\u00e1s de dos d\u00e9cadas de investigaci\u00f3n en fitomedicina aplicada a oncolog\u00eda.<\/li>\n<\/ul>\n","protected":false},"excerpt":{"rendered":"<p>Mecanismos de Acci\u00f3n y Evidencia Cient\u00edfica Mecanismos Principales de Acci\u00f3n Mecanismo de Acci\u00f3n Descripci\u00f3n Inhibici\u00f3n del crecimiento celular tumoral Limita la proliferaci\u00f3n de c\u00e9lulas malignas. Inducci\u00f3n de apoptosis Promueve la muerte celular programada en c\u00e9lulas tumorales, favoreciendo su eliminaci\u00f3n. Inmunomodulaci\u00f3n Refuerza la respuesta inmunitaria del organismo frente al desarrollo tumoral. Evidencias Cient\u00edficas de los Componentes&#8230;<\/p>\n","protected":false},"author":2,"featured_media":553,"parent":0,"menu_order":4,"comment_status":"open","ping_status":"open","template":"","meta":{"_monsterinsights_skip_tracking":false,"_monsterinsights_sitenote_active":false,"_monsterinsights_sitenote_note":"","_monsterinsights_sitenote_category":0,"footnotes":""},"class_list":["post-20","page","type-page","status-publish","has-post-thumbnail","hentry"],"_links":{"self":[{"href":"https:\/\/www.basquade.com\/wpin\/wp-json\/wp\/v2\/pages\/20","targetHints":{"allow":["GET"]}}],"collection":[{"href":"https:\/\/www.basquade.com\/wpin\/wp-json\/wp\/v2\/pages"}],"about":[{"href":"https:\/\/www.basquade.com\/wpin\/wp-json\/wp\/v2\/types\/page"}],"author":[{"embeddable":true,"href":"https:\/\/www.basquade.com\/wpin\/wp-json\/wp\/v2\/users\/2"}],"replies":[{"embeddable":true,"href":"https:\/\/www.basquade.com\/wpin\/wp-json\/wp\/v2\/comments?post=20"}],"version-history":[{"count":7,"href":"https:\/\/www.basquade.com\/wpin\/wp-json\/wp\/v2\/pages\/20\/revisions"}],"predecessor-version":[{"id":20517,"href":"https:\/\/www.basquade.com\/wpin\/wp-json\/wp\/v2\/pages\/20\/revisions\/20517"}],"wp:featuredmedia":[{"embeddable":true,"href":"https:\/\/www.basquade.com\/wpin\/wp-json\/wp\/v2\/media\/553"}],"wp:attachment":[{"href":"https:\/\/www.basquade.com\/wpin\/wp-json\/wp\/v2\/media?parent=20"}],"curies":[{"name":"wp","href":"https:\/\/api.w.org\/{rel}","templated":true}]}}