{"id":627,"date":"2017-10-10T08:31:46","date_gmt":"2017-10-10T12:01:46","guid":{"rendered":"http:\/\/www.basquade.com\/wpin\/tienda\/"},"modified":"2017-11-08T20:52:57","modified_gmt":"2017-11-09T00:22:57","slug":"adquirir","status":"publish","type":"page","link":"https:\/\/www.basquade.com\/wpin\/adquirir\/","title":{"rendered":"Adquirir el Tratamiento"},"content":{"rendered":"<p>Los precios est\u00e1n expresados en <strong>d\u00f3lares estadunuidenses.<\/strong><\/p>\n<p>Un frasco de 50cc de Basq\u00fcad\u00e9 Extracto equivale al tratamiento para un mes aproximadamente (dependiendo de la dosis), se debe tomar en un poco de agua, medio vaso (aprox. 100cc).<\/p>\n","protected":false},"excerpt":{"rendered":"<p>Los precios est\u00e1n expresados en d\u00f3lares estadunuidenses. Un frasco de 50cc de Basq\u00fcad\u00e9 Extracto equivale al tratamiento para un mes aproximadamente (dependiendo de la dosis), se debe tomar en un poco de agua, medio vaso (aprox. 100cc).<\/p>\n","protected":false},"author":1,"featured_media":0,"parent":0,"menu_order":0,"comment_status":"closed","ping_status":"closed","template":"","meta":{"_monsterinsights_skip_tracking":false,"_monsterinsights_sitenote_active":false,"_monsterinsights_sitenote_note":"","_monsterinsights_sitenote_category":0,"footnotes":""},"class_list":["post-627","page","type-page","status-publish","hentry"],"_links":{"self":[{"href":"https:\/\/www.basquade.com\/wpin\/wp-json\/wp\/v2\/pages\/627","targetHints":{"allow":["GET"]}}],"collection":[{"href":"https:\/\/www.basquade.com\/wpin\/wp-json\/wp\/v2\/pages"}],"about":[{"href":"https:\/\/www.basquade.com\/wpin\/wp-json\/wp\/v2\/types\/page"}],"author":[{"embeddable":true,"href":"https:\/\/www.basquade.com\/wpin\/wp-json\/wp\/v2\/users\/1"}],"replies":[{"embeddable":true,"href":"https:\/\/www.basquade.com\/wpin\/wp-json\/wp\/v2\/comments?post=627"}],"version-history":[{"count":5,"href":"https:\/\/www.basquade.com\/wpin\/wp-json\/wp\/v2\/pages\/627\/revisions"}],"predecessor-version":[{"id":659,"href":"https:\/\/www.basquade.com\/wpin\/wp-json\/wp\/v2\/pages\/627\/revisions\/659"}],"wp:attachment":[{"href":"https:\/\/www.basquade.com\/wpin\/wp-json\/wp\/v2\/media?parent=627"}],"curies":[{"name":"wp","href":"https:\/\/api.w.org\/{rel}","templated":true}]}}