{"id":94,"date":"2009-08-15T23:10:14","date_gmt":"2009-08-16T04:10:14","guid":{"rendered":"http:\/\/www.basquade.com\/wpin\/?page_id=94"},"modified":"2025-04-27T19:45:53","modified_gmt":"2025-04-27T23:15:53","slug":"posologia-y-modo-de-uso","status":"publish","type":"page","link":"https:\/\/www.basquade.com\/wpin\/posologia-y-modo-de-uso\/","title":{"rendered":"Ficha Resumen"},"content":{"rendered":"<figure id=\"attachment_363\" aria-describedby=\"caption-attachment-363\" style=\"width: 204px\" class=\"wp-caption alignright\"><a href=\"http:\/\/www.basquade.com\/wpin\/posologia-y-modo-de-uso\/basquade-2\/\" rel=\"attachment wp-att-363\"><img loading=\"lazy\" decoding=\"async\" class=\"size-medium wp-image-363\" src=\"http:\/\/www.basquade.com\/wpin\/wp-content\/uploads\/2009\/08\/basquade-204x300.png\" alt=\"Frasco 50ml con Gotero.\" width=\"204\" height=\"300\" srcset=\"https:\/\/www.basquade.com\/wpin\/wp-content\/uploads\/2009\/08\/basquade-204x300.png 204w, https:\/\/www.basquade.com\/wpin\/wp-content\/uploads\/2009\/08\/basquade-102x150.png 102w, https:\/\/www.basquade.com\/wpin\/wp-content\/uploads\/2009\/08\/basquade.png 340w\" sizes=\"auto, (max-width: 204px) 100vw, 204px\" \/><\/a><figcaption id=\"caption-attachment-363\" class=\"wp-caption-text\">Frasco 50ml con Gotero.<\/figcaption><\/figure>\n<table style=\"color: initial; font-size: 18px;\">\n<thead>\n<tr>\n<th><strong>Categor\u00eda<\/strong><\/th>\n<th><strong>Descripci\u00f3n<\/strong><\/th>\n<\/tr>\n<\/thead>\n<tbody>\n<tr>\n<td><strong>Presentaci\u00f3n<\/strong><\/td>\n<td>Soluci\u00f3n oral en gotas. Frasco de 50 ml con tap\u00f3n gotero.<\/td>\n<\/tr>\n<tr>\n<td><strong>Indicaciones<\/strong><\/td>\n<td>Tratamiento complementario en pacientes oncol\u00f3gicos. Mejora de calidad de vida y apoyo terap\u00e9utico.<\/td>\n<\/tr>\n<tr>\n<td><strong>Posolog\u00eda<\/strong><\/td>\n<td>Dosis personalizada. Requiere evaluaci\u00f3n m\u00e9dica seg\u00fan tipo de tumor, estadio y condici\u00f3n cl\u00ednica.<\/td>\n<\/tr>\n<tr>\n<td><strong>Modo de administraci\u00f3n<\/strong><\/td>\n<td>V\u00eda sublingual preferente. Alternativas: v\u00eda oral o sonda nasog\u00e1strica.<\/td>\n<\/tr>\n<tr>\n<td><strong>Duraci\u00f3n del tratamiento<\/strong><\/td>\n<td>Tratamiento continuo. No interrumpir para capitalizar el efecto acumulativo de los activos.<\/td>\n<\/tr>\n<tr>\n<td><strong>Recomendaciones especiales<\/strong><\/td>\n<td>Evitar consumo de alcohol y suplementos de vitamina B sint\u00e9tica durante el tratamiento.<\/td>\n<\/tr>\n<tr>\n<td><strong>Precauciones<\/strong><\/td>\n<td>No utilizar durante embarazo o lactancia. Consultar siempre con personal m\u00e9dico especializado.<\/td>\n<\/tr>\n<tr>\n<td><strong>Tolerancia y seguridad<\/strong><\/td>\n<td>Producto natural sin efectos secundarios relevantes ni interacciones medicamentosas conocidas.<\/td>\n<\/tr>\n<tr>\n<td><strong>Uso complementario<\/strong><\/td>\n<td>En casos de patolog\u00edas cut\u00e1neas, puede asociarse el uso de Basq\u00fcad\u00e9\u00ae Gel t\u00f3pico.<\/td>\n<\/tr>\n<\/tbody>\n<\/table>\n<hr \/>\n<h2>Nota importante:<\/h2>\n<ul>\n<li>Enviar un breve resumen de la historia cl\u00ednica para una dosificaci\u00f3n personalizada. \u00a0<a style=\"font-size: revert;\" href=\"http:\/\/www.basquade.com\/wpin\/envie-su-caso-clinico\/\">Enviar resumen de la historia cl\u00ednica del paciente.<\/a><\/li>\n<\/ul>\n","protected":false},"excerpt":{"rendered":"<p>Categor\u00eda Descripci\u00f3n Presentaci\u00f3n Soluci\u00f3n oral en gotas. Frasco de 50 ml con tap\u00f3n gotero. Indicaciones Tratamiento complementario en pacientes oncol\u00f3gicos. Mejora de calidad de vida y apoyo terap\u00e9utico. Posolog\u00eda Dosis personalizada. Requiere evaluaci\u00f3n m\u00e9dica seg\u00fan tipo de tumor, estadio y condici\u00f3n cl\u00ednica. Modo de administraci\u00f3n V\u00eda sublingual preferente. Alternativas: v\u00eda oral o sonda nasog\u00e1strica. Duraci\u00f3n&#8230;<\/p>\n","protected":false},"author":2,"featured_media":0,"parent":0,"menu_order":8,"comment_status":"open","ping_status":"open","template":"","meta":{"_monsterinsights_skip_tracking":false,"_monsterinsights_sitenote_active":false,"_monsterinsights_sitenote_note":"","_monsterinsights_sitenote_category":0,"footnotes":""},"class_list":["post-94","page","type-page","status-publish","hentry"],"_links":{"self":[{"href":"https:\/\/www.basquade.com\/wpin\/wp-json\/wp\/v2\/pages\/94","targetHints":{"allow":["GET"]}}],"collection":[{"href":"https:\/\/www.basquade.com\/wpin\/wp-json\/wp\/v2\/pages"}],"about":[{"href":"https:\/\/www.basquade.com\/wpin\/wp-json\/wp\/v2\/types\/page"}],"author":[{"embeddable":true,"href":"https:\/\/www.basquade.com\/wpin\/wp-json\/wp\/v2\/users\/2"}],"replies":[{"embeddable":true,"href":"https:\/\/www.basquade.com\/wpin\/wp-json\/wp\/v2\/comments?post=94"}],"version-history":[{"count":8,"href":"https:\/\/www.basquade.com\/wpin\/wp-json\/wp\/v2\/pages\/94\/revisions"}],"predecessor-version":[{"id":20528,"href":"https:\/\/www.basquade.com\/wpin\/wp-json\/wp\/v2\/pages\/94\/revisions\/20528"}],"wp:attachment":[{"href":"https:\/\/www.basquade.com\/wpin\/wp-json\/wp\/v2\/media?parent=94"}],"curies":[{"name":"wp","href":"https:\/\/api.w.org\/{rel}","templated":true}]}}